alculate the remainder when 4665937 is divided by 9.
4
Calculate the remainder when 476413 is divided by 64.
61
Calculate the remainder when 304659 is divided by 3016.
43
Calculate the remainder when 104916 is divided by 2500.
2416
What is the remainder when 406386665 is divided by 714?
713
Calculate the remainder when 18525355 is divided by 2495.
2475
What is the remainder when 4724212 is divided by 2362094?
24
What is the remainder when 59181 is divided by 9831?
195
What is the remainder when 277912 is divided by 216?
136
What is the remainder when 40812522 is divided by 70?
2
Calculate the remainder when 9210588 is divided by 3216.
3180
What is the remainder when 2965015 is divided by 79?
66
Calculate the remainder when 2061270 is divided by 36798.
582
What is the remainder when 200233 is divided by 89?
72
What is the remainder when 14636783 is divided by 1828?
1815
Calculate the remainder when 48427 is divided by 2507.
794
What is the remainder when 267187 is divided by 4240?
67
What is the remainder when 1161451 is divided by 38?
19
Calculate the remainder when 804561 is divided by 4975.
3586
Calculate the remainder when 126337 is divided by 1011.
973
What is the remainder when 54826516 is divided by 280?
276
Calculate the remainder when 11155889 is divided by 357.
353
Calculate the remainder when 13550211 is divided by 4516723.
42
Calculate the remainder when 26648 is divided by 4129.
1874
Calculate the remainder when 240380 is divided by 2073.
1985
Calculate the remainder when 1217531 is divided by 189.
182
Calculate the remainder when 603898243 is divided by 49.
46
What is the remainder when 794981 is divided by 158955?
206
What is the remainder when 113967363 is divided by 16281050?
13
Calculate the remainder when 10579 is divided by 2051.
324
Calculate the remainder when 4401195 is divided by 1179.
1167
Calculate the remainder when 58119404 is divided by 58119400.
4
What is the remainder when 19725857 is divided by 1859?
8
What is the remainder when 74226 is divided by 1159?
50
What is the remainder when 2514076 is divided by 2514047?
29
Calculate the remainder when 319426571 is divided by 106475523.
2
Calculate the remainder when 1409 is divided by 281.
4
Calculate the remainder when 1184836 is divided by 3329.
3041
Calculate the remainder when 33925 is divided by 617.
607
Calculate the remainder when 24624278 is divided by 678.
674
What is the remainder when 149421 is divided by 104?
77
What is the remainder when 789802 is divided by 8975?
2
What is the remainder when 3299352 is divided by 212?
208
Calculate the remainder when 66711 is divided by 1644.
951
What is the remainder when 6698512 is divided by 352552?
24
Calculate the remainder when 4625977 is divided by 180.
157
Calculate the remainder when 1277956 is divided by 377.
303
Calculate the remainder when 12005410 is divided by 23.
8
What is the remainder when 1868169 is divided by 3360?
9
Calculate the remainder when 360499 is divided by 180061.
377
What is the remainder when 5833300 is divided by 2916590?
120
What is the remainder when 996303561 is divided by 73?
72
Calculate the remainder when 1161592 is divided by 36288.
376
What is the remainder when 3704674 is divided by 740888?
234
Calculate the remainder when 237676 is divided by 79161.
193
What is the remainder when 370803219 is divided by 20?
19
Calculate the remainder when 190581 is divided by 27206.
139
What is the remainder when 1002535 is divided by 620?
615
Calculate the remainder when 6893647 is divided by 1197.
124
What is the remainder when 680594 is divided by 61872?
2
Calculate the remainder when 1240935 is divided by 2173.
152
What is the remainder when 240607 is divided by 240507?
100
What is the remainder when 314966 is divided by 44980?
106
Calculate the remainder when 12660 is divided by 12644.
16
What is the remainder when 245794 is divided by 3103?
657
Calculate the remainder when 412711 is divided by 311.
14
Calculate the remainder when 2534467 is divided by 1117.
1111
What is the remainder when 2584072 is divided by 5406?
4
Calculate the remainder when 7097741 is divided by 8.
5
What is the remainder when 16306073 is divided by 301?
0
What is the remainder when 2586202 is divided by 227?
218
What is the remainder when 8971426 is divided by 13?
9
What is the remainder when 104607349 is divided by 354?
349
Calculate the remainder when 359777 is divided by 2568.
257
Calculate the remainder when 7516 is divided by 3152.
1212
Calculate the remainder when 756764 is divided by 316.
260
Calculate the remainder when 1043963 is divided by 208792.
3
Calculate the remainder when 816906 is divided by 446.
280
Calculate the remainder when 412818 is divided by 45650.
1968
What is the remainder when 21673649 is divided by 195258?
11
Calculate the remainder when 289118 is divided by 1028.
250
What is the remainder when 2107087 is divided by 4957?
362
What is the remainder when 2827074 is divided by 24163?
3
Calculate the remainder when 1808823 is divided by 741.
42
What is the remainder when 3268818 is divided by 1634401?
16
Calculate the remainder when 1849869 is divided by 16.
13
Calculate the remainder when 1999011 is divided by 124936.
35
What is the remainder when 15284081 is divided by 2396?
2393
What is the remainder when 2717990 is divided by 649?
627
What is the remainder when 186556 is divided by 14526?
12244
What is the remainder when 3343251 is divided by 3874?
3863
What is the remainder when 167994241 is divided by 81?
79
Calculate the remainder when 81720153 is divided by 1286.
1283
What is the remainder when 10635286 is divided by 675?
661
Calculate the remainder when 376300 is divided by 5036.
3636
What is the remainder when 220308 is divided by 21808?
2228
What is the remainder when 4417891 is divided by 8?
3
Calculate the remainder when 132740 is divided by 43958.
866
Calculate the remainder when 149582 is divided by 4154.
38
Calculate the remainder when 8113388 is divided by 1566.
1508
Calculate the remainder when 1059569497 is divided by 9575.
9572
Calculate the remainder when 1332903 is divided by 2275.
2028
Calculate the remainder when 1944215 is divided by 1943976.
239
What is the remainder when 234532 is divided by 9891?
7039
What is the remainder when 27624 is divided by 1603?
373
What is the remainder when 115091 is divided by 115089?
2
Calculate the remainder when 401991 is divided by 5828.
5687
Calculate the remainder when 117813 is divided by 29443.
41
What is the remainder when 1384201 is divided by 3?
1
What is the remainder when 213681633 is divided by 434?
431
What is the remainder when 108754828 is divided by 395472?
28
What is the remainder when 67209 is divided by 5806?
3343
Calculate the remainder when 4125457 is divided by 257835.
97
Calculate the remainder when 13071291 is divided by 22344.
51
Calculate the remainder when 17778371 is divided by 17778359.
12
What is the remainder when 82158715 is divided by 168?
163
Calculate the remainder when 1746746 is divided by 726.
716
What is the remainder when 35232 is divided by 6531?
2577
Calculate the remainder when 15710 is divided by 14214.
1496
What is the remainder when 63094656 is divided by 15773663?
4
Calculate the remainder when 39867770 is divided by 297.
272
Calculate the remainder when 2677442 is divided by 15040.
322
What is the remainder when 60177471 is divided by 848?
847
What is the remainder when 144745 is divided by 9647?
40
What is the remainder when 8038625 is divided by 2?
1
Calculate the remainder when 4636275 is divided by 39.
33
Calculate the remainder when 9753839 is divided by 207.
206
Calculate the remainder when 196307 is divided by 31955.
4577
What is the remainder when 751630 is divided by 6833?
0
What is the remainder when 1795483 is divided by 163225?
8
Calculate the remainder when 345760 is divided by 2700.
160
Calculate the remainder when 154379524 is divided by 292.
0
Calculate the remainder when 589924 is divided by 196596.
136
Calculate the remainder when 36181456 is divided by 565335.
16
Calculate the remainder when 176798 is divided by 87986.
826
What is the remainder when 19875 is divided by 9004?
1867
What is the remainder when 64622878 is divided by 24?
22
Calculate the remainder when 8